hat is 20365 + -157?
20206
In base 2, what is 11011110111010001001 + 110?
11011110111010001111
In base 3, what is 12 - -111000121120021?
111000121120110
In base 15, what is -1a + 95cd4?
95cb9
In base 3, what is 120212010102102 + 10?
120212010102112
In base 11, what is 3 - 2648553?
-2648550
In base 14, what is -d16b5c + -8b?
-d16c09
In base 15, what is -4 + -4b853c?
-4b8541
In base 9, what is -412365 + -6?
-412372
In base 13, what is 45160a6 - 5?
45160a1
In base 4, what is 220111330 - -1221?
220113211
In base 5, what is 232 - -230333101?
230333333
In base 10, what is -1507 - -1696?
189
In base 4, what is 22002101322 + 11?
22002101333
In base 12, what is -61834 - -2243?
-5b5b1
In base 8, what is 65760 - 12527?
53231
In base 5, what is 343 + 1410243?
1411141
In base 8, what is -2 + -10520017?
-10520021
In base 8, what is -3321756 - -255?
-3321501
In base 13, what is -32a0 - -14c3?
-1aaa
In base 6, what is -4 - 11512004054?
-11512004102
In base 5, what is 1430144340 - 1?
1430144334
In base 14, what is -1036a8 - -1?
-1036a7
In base 14, what is -379c + -435?
-3bd3
In base 2, what is -10000100011101001000110110100 - 1?
-10000100011101001000110110101
In base 4, what is -212312120 - 13?
-212312133
In base 3, what is -12 + 12000021222211002?
12000021222210220
In base 2, what is 100 - 1101101010101111101101100?
-1101101010101111101101000
In base 15, what is -2483615d - -4?
-24836159
In base 2, what is -100111 - -10001111011011001?
10001111010110010
In base 11, what is 8 - 276045?
-276038
In base 12, what is 47 - 2b65b58?
-2b65b11
In base 5, what is 224 - 2132441?
-2132212
In base 2, what is 100100 + 11101000101011010100?
11101000101011111000
In base 10, what is -6539896 - -105?
-6539791
In base 13, what is 2 + -4b7c64?
-4b7c62
In base 7, what is 113130 - 1354?
111443
In base 3, what is 1010122210001 - 2020?
1010122200211
In base 10, what is -4 - -31496689?
31496685
In base 9, what is -114588038 - 4?
-114588043
In base 5, what is -1120321 - -3004?
-1112312
In base 10, what is -2 + -11170970?
-11170972
In base 11, what is -96999 - 99?
-96a87
In base 7, what is 2645200 + 243?
2645443
In base 5, what is 0 + -142301031404?
-142301031404
In base 11, what is 357a + -a8a?
25a0
In base 12, what is -98b - -222b?
1460
In base 13, what is -5b294 - -12c?
-5b165
In base 9, what is 13142 - 486?
12545
In base 4, what is -21 - 1022222200232?
-1022222200313
In base 12, what is 2 - -5094a6a?
5094a70
In base 9, what is 2 - -305712?
305714
In base 15, what is aa7 - -1961?
2518
In base 7, what is 0 + 66401356?
66401356
In base 6, what is 3010415254 + 23?
3010415321
In base 14, what is -2a8 + 15b06b?
15aba3
In base 14, what is -9d32 + -17c?
-a0b0
In base 10, what is 1449491 + 18?
1449509
In base 7, what is -6604 + 16044?
6140
In base 16, what is -2d825bc - 1?
-2d825bd
In base 12, what is -953317 + 3?
-953314
In base 9, what is 1222 + -17408?
-16176
In base 2, what is 1010 - 101111110111111000111?
-101111110111110111101
In base 16, what is -135b83d - -2?
-135b83b
In base 6, what is 2154522552 + -3?
2154522545
In base 4, what is -133032020 + -201330?
-133300010
In base 8, what is -2103663 + 3?
-2103660
In base 7, what is -66224 - -4425?
-61466
In base 7, what is -34 + 22151235?
22151201
In base 14, what is 5577d13 - -10?
5577d23
In base 10, what is 21 + 10611171?
10611192
In base 6, what is 2 - 5050550121?
-5050550115
In base 15, what is -2bbd683 - -4?
-2bbd67e
In base 15, what is 9150 + -2a26?
6629
In base 8, what is 220 + -40371?
-40151
In base 15, what is -74 + -12c8e06?
-12c8e7a
In base 10, what is 1 + -24535213?
-24535212
In base 4, what is -30310123 + -1301?
-30312030
In base 6, what is 1244 - -2052453?
2054141
In base 15, what is -1 - 44808d0?
-44808d1
In base 14, what is 11 - 1abc45?
-1abc34
In base 4, what is -101131111012 + 1?
-101131111011
In base 12, what is b + 113ba608?
113ba617
In base 11, what is -16648 + a37?
-15711
In base 8, what is -46 + 7562?
7514
In base 13, what is -a + -391564?
-391571
In base 14, what is -4 - -2413c89?
2413c85
In base 4, what is 111122322022 + -2?
111122322020
In base 7, what is 3001546 - 352?
3001164
In base 2, what is -1101010 + 100111100101101111?
100111100100000101
In base 10, what is -63 - -565387?
565324
In base 2, what is 10000110000001101110111100101 + -100?
10000110000001101110111100001
In base 7, what is -125 + -133210000?
-133210125
In base 4, what is -32010113131 - -203?
-32010112322
In base 13, what is -30bcac + -5?
-30bcb4
In base 3, what is 221 + 11202020101111?
11202020102102
In base 5, what is -430130 + 10?
-430120
In base 13, what is 42ab8 + 1327?
44112
In base 2, what is -100101 + 1101000000011100100000110?
1101000000011100011100001
In base 16, what is 11 + -4f544?
-4f533
In base 15, what is -24a3 + 1d75?
-62d
In base 15, what is e1 - -d477?
d568
In base 7, what is 12530056 + -1154?
12525602
In base 6, what is 5 - -15442225?
15442234
In base 13, what is -48822c6 + 1?
-48822c5
In base 15, what is -136623e + 16?
-1366228
In base 5, what is 1341 - 314034124?
-314032233
In base 12, what is -1a - 15b6064?
-15b6082
In base 12, what is -4831 + -795a?
-1058b
In base 9, what is 4 - -11325172?
11325176
In base 14, what is 313bb7 + 5?
313bbc
In base 5, what is -12310 - -410120?
342310
In base 14, what is 19cd92 - 19?
19cd77
In base 4, what is -3212303 + -3311212?
-13130121
In base 7, what is -440502150 + 12?
-440502135
In base 5, what is 1023 - -3131344241?
3131400314
In base 14, what is -481 + 730?
28d
In base 5, what is -4 + -4430113310?
-4430113314
In base 9, what is -1626666 - 202?
-1626868
In base 13, what is -88706 - -15?
-886c1
In base 7, what is 1430 - -21463?
23223
In base 7, what is -250066 - -1006?
-246060
In base 11, what is -57a250a - -5?
-57a2505
In base 9, what is -315 - -766046?
765631
In base 14, what is -1dcc - -3227d?
30291
In base 6, what is -4 - 1413315?
-1413323
In base 11, what is -2099994 - 8?
-20999a1
In base 3, what is -10000011210111 + 1022?
-10000011202012
In base 5, what is -1 - 10422210433?
-10422210434
In base 4, what is -3203132 - -2201302?
-1001230
In base 12, what is 2 - 95894a?
-958948
In base 16, what is 1d - -1a3794?
1a37b1
In base 14, what is -3 - -97339c?
973399
In base 2, what is 1001011001 - 100001110010111010111?
-100001110001101111110
In base 8, what is -514246 - 1067?
-515335
In base 7, what is 62105 - 2460?
56315
In base 7, what is 226 + 10506446?
10510005
In base 11, what is 220771 - -396?
221057
In base 13, what is 3a1259 + 40?
3a1299
In base 6, what is 521222 + 44152?
1005414
In base 13, what is 7570520 - -4?
7570524
In base 7, what is 33 + 14623?
14656
In base 8, what is 107234601 + -24?
107234555
In base 2, what is 1110 + 1001111000000001001?
1001111000000010111
In base 16, what is 63 - 26457d?
-26451a
In base 7, what is 245 + 3603602?
3604150
In base 15, what is 3da29b0 - 13?
3da299c
In base 14, what is 153d60 + 93b?
15489b
In base 15, what is -1983 + -7bb?
-224e
In base 16, what is -63 - -67ea0?
67e3d
In base 13, what is 2 - 3056554?
-3056552
In base 9, what is 77866 + -3075?
74781
In base 7, what is 101165 - -4462?
105660
In base 6, what is 1151502 + 1313?
1153215
In base 8, what is -5465740131 + 1?
-5465740130
In base 9, what is 31 - 288768?
-288737
In base 2, what is 1000010001010111 - 1000101001100?
111001100001011
In base 10, what is -5177 + -909?
-6086
In base 5, what is 23 - -132304?
132332
In base 5, what is -1 - -24021143?
24021142
In base 3, what is -1001220 + -2012211?
-10021201
In base 14, what is -4 - -8d176da?
8d176d6
In base 6, what is -212 + -13332031?
-13332243
In base 15, what is -6b2b + -232?
-6d5d
In base 16, what is -787694 - 1?
-787695
In base 11, what is 10 + -11335511?
-11335501
In base 12, what is 6480 + -109b?
53a1
In base 11, what is 25985 + -4012?
21973
In base 6, what is 5 + 30330344550?
30330344555
In base 2, what is -100101000011101110110 - 10000?
-100101000011110000110
In base 7, what is -16524653 + -3?
-16524656
In base 13, what is -435 + -610b?
-6543
In base 4, what is -222320232022332 - -3?
-222320232022323
In base 16, what is -30 + 1a7a?
1a4a
In base 2, what is -10001101101 + 1000000110001?
101111000100
In base 13, what is -a - 1615?
-1622
In base 7, what is -161261541 + 24?
-161261514
In base 7, what is -514263 - 2433?
-520026
In base 4,